me?
True
Is 10517 a prime number?
False
Is 14419 a composite number?
False
Is 634822 prime?
False
Is 4393 a composite number?
True
Is 6018347 a prime number?
True
Is 702067 prime?
True
Is 5471 a composite number?
False
Is 113219 a composite number?
True
Is 2579 a composite number?
False
Is 26357 prime?
True
Is 122387 prime?
True
Is 38593 a prime number?
True
Is 353 a prime number?
True
Is 17623 a prime number?
True
Is 164999 a composite number?
False
Is 46049 prime?
True
Is 18547 prime?
False
Is 253103 prime?
True
Is 312839 composite?
False
Is 50749 composite?
True
Is 8039 a composite number?
False
Is 2778535 a prime number?
False
Is 4919 prime?
True
Is 20851 prime?
False
Is 110581 a composite number?
False
Is 4889 prime?
True
Is 60443 composite?
False
Is 29477 a prime number?
False
Is 104947 composite?
False
Is 181519 prime?
False
Is 9489 a prime number?
False
Is 259 a composite number?
True
Is 9413 composite?
False
Is 11591 prime?
False
Is 131891 composite?
False
Is 566197 composite?
True
Is 4679 a prime number?
True
Is 27349 composite?
True
Is 2525797 a prime number?
True
Is 8057 a prime number?
False
Is 109885 composite?
True
Is 7433 a composite number?
False
Is 10801 prime?
False
Is 2129 a prime number?
True
Is 109031 a prime number?
False
Is 5147 composite?
False
Is 7993 prime?
True
Is 13979 composite?
True
Is 43881 a composite number?
True
Is 156307 a composite number?
False
Is 179897 a composite number?
False
Is 23497 composite?
False
Is 88423 composite?
False
Is 10451 a composite number?
True
Is 4663 a composite number?
False
Is 40781 a composite number?
True
Is 12443 a composite number?
True
Is 12799 a prime number?
True
Is 4529 composite?
True
Is 158001 composite?
True
Is 3055417 composite?
False
Is 41927 composite?
False
Is 32749 a composite number?
False
Is 301 composite?
True
Is 3821 prime?
True
Is 95619 prime?
False
Is 1151 composite?
False
Is 806851 a prime number?
False
Is 27866 a prime number?
False
Is 182741 a prime number?
False
Is 39089 a composite number?
False
Is 16759 composite?
False
Is 3438611 a composite number?
True
Is 3022 prime?
False
Is 47783 a prime number?
False
Is 12563 a composite number?
True
Is 389 a composite number?
False
Is 20941 prime?
False
Is 152003 a prime number?
True
Is 7237 a prime number?
True
Is 37885 prime?
False
Is 4783 composite?
False
Is 207379 composite?
True
Is 1343 prime?
False
Is 32183 composite?
False
Is 11113 composite?
False
Is 16649 composite?
False
Is 158089 prime?
False
Is 98081 composite?
False
Is 88459 a composite number?
True
Is 7069 a composite number?
False
Is 56659 prime?
True
Is 23809 a prime number?
False
Is 5051 prime?
True
Is 258409 a composite number?
True
Is 11237 a prime number?
False
Is 350941 prime?
True
Is 14441 prime?
False
Is 33703 composite?
False
Is 315517 a prime number?
True
Is 6247 a composite number?
False
Is 265313 a composite number?
False
Is 299 a prime number?
False
Is 4699 composite?
True
Is 137899 a prime number?
False
Is 141301 prime?
True
Is 562489 a composite number?
True
Is 2218189 prime?
False
Is 12695 prime?
False
Is 121921 composite?
False
Is 134639 composite?
False
Is 25793 prime?
True
Is 137729 a prime number?
False
Is 1443469 a composite number?
False
Is 354209 a prime number?
True
Is 48961 a prime number?
False
Is 115201 prime?
True
Is 146474 prime?
False
Is 1454579 a prime number?
False
Is 36247 prime?
False
Is 3943 a prime number?
True
Is 134171 prime?
True
Is 7717 composite?
False
Is 38039 prime?
True
Is 12251 prime?
True
Is 26551 a prime number?
False
Is 3359 composite?
False
Is 67603 prime?
False
Is 360163 composite?
False
Is 1639409 a composite number?
False
Is 2411 a prime number?
True
Is 652667 prime?
True
Is 71701 a composite number?
True
Is 32083 prime?
True
Is 26093 composite?
True
Is 3959 a composite number?
True
Is 12437 a composite number?
False
Is 29789 composite?
False
Is 913 prime?
False
Is 57639 a prime number?
False
Is 211 a composite number?
False
Is 70943 composite?
True
Is 21083 a composite number?
True
Is 124619 composite?
True
Is 77429 prime?
False
Is 637121 a prime number?
False
Is 1154 composite?
True
Is 481933 a prime number?
False
Is 9863 composite?
True
Is 8009 prime?
True
Is 80141 a composite number?
False
Is 69779 composite?
False
Is 2833 a prime number?
True
Is 2185321 composite?
True
Is 27179 a composite number?
False
Is 37747 prime?
True
Is 90203 a composite number?
False
Is 19171 a composite number?
True
Is 427 composite?
True
Is 2039 a composite number?
False
Is 107867 composite?
False
Is 1357329 a prime number?
False
Is 11789 a composite number?
False
Is 9181 a prime number?
True
Is 33283 a prime number?
False
Is 157727 composite?
True
Is 3829 prime?
False
Is 37951 a prime number?
True
Is 27377 composite?
True
Is 62437 a prime number?
False
Is 134951 a composite number?
False
Is 543341 prime?
True
Is 35437 a composite number?
False
Is 284035 a prime number?
False
Is 1039001 composite?
False
Is 4441 a prime number?
True
Is 4363945 a prime number?
False
Is 36467 prime?
True
Is 10771 prime?
True
Is 242291 a composite number?
True
Is 4101 prime?
False
Is 20429 a composite number?
True
Is 938965 a composite number?
True
Is 242185 a composite number?
True
Is 176711 a prime number?
True
Is 26309 prime?
True
Is 9587 a composite number?
False
Is 50669 composite?
True
Is 531745 a composite number?
True
Is 59347 a composite number?
True
Is 38971 a prime number?
True
Is 32933 a composite number?
False
Is 95674 prime?
False
Is 63977 a prime number?
True
Is 33703 a prime number?
True
Is 543217 prime?
True
Is 8287 a prime number?
True
Is 36247 prime?
False
Is 37613 a composite number?
True
Is 907 a composite number?
False
Is 945643 composite?
True
Is 15149 a prime number?
True
Is 94687 a prime number?
True
Is 67261 prime?
True
Is 109887 prime?
False
Is 144103 a composite number?
False
Is 8663 a composite number?
False
Is 21139 a prime number?
True
Is 83081 a composite number?
True
Is 29819 composite?
False
Is 2246 a prime number?
False
Is 128377 prime?
True
Is 50741 a composite number?
False
Is 7433 composite?
False
Is 20649 composite?
True
Is 223667 prime?
True
Is 221883 composite?
True
Is 25871 prime?
False
Is 6977 a composite number?
False
Is 92117 a prime number?
False
Is 32863 a prime number?
False
Is 93787 prime?
True
Is 104767 prime?
False
Is 99079 a composite number?
False
Is 16801 a prime number?
False
Is 120431 composite?
False
Is 3499 a prime number?
True
Is 4151 composite?
True
Is 28429 prime?
True
Is 6521 composite?
False
Is 263807 prime?
False
Is 112643 prime?
True
Is 31957 prime?
True
Is 7039 prime?
True
Is 11087 composite?
False
Is 769 prime?
True
Is 8609 a composite number?
False
Is 20993 a composite number?
True
Is 20887 a prime number?
True
Is 383851 composite?
True
Is 658169 a prime number?
True
Is 4897 composite?
True
Is 150169 a composite number?
False
Is 10201 prime?
False
Is 4903 prime?
True
Is 7573 composite?
False
Is 1524763 a composite number?
False
Is 29473 a prime number?
True
Is 14059 a prime number?
False
Is 2453519 prime?
True
Is 70373 a prime number?
True
Is 88379 a composite number?
False
Is 496733 a prime number?
True
Is 248749 a prime number?
True
Is 151499 a prime number?
True
Is 729077 a prime number?
False
Is 126199 composite?
False
Is 11453 composite?
True
Is 13945 a prime number?
False
Is 3719 composite?
False
Is 200843 a prime number?
True
Is 115057 prime?
True
Is 36053 prime?
False
Is 30019 prime?
False
Is 111721 composite?
False
Is 41131 a prime number?
True
Is 50891 prime?
True
Is 8131 prime?
False
Is 47597 composite?
True
Is 1361011 composite?
False
Is 210731 a prime number?
True
Is 255413 composite?
False
Is 733 a prime number?
True
Is 10657 prime?
True
Is 48803 a prime number?
False
Is 1419837 a prime number?
False
Is 119129 composite?
False
Is 163403 a composite number?
False
Is 139117 prime?
False
Is 53657 a prime number?
True
Is 1511 a prime number?
True
Is 794993 composite?
False
Is 402847 a composite number?
False
Is 87767 a composite number?
False
Is 18229 composite?
False
Is 547271 composite?
False
Is 5401 a prime number?
False
Is 105437 a prime number?
True
Is 23158 composite?
True
Is 131441 a prime number?
True
Is 67021 prime?
True
Is 22719 a prime number?
Fa